(t) = g*t + 26 - 496*t - 2. List the prime factors of v(6).
2, 3, 5
Let w be (-3)/5*190/(-57). Suppose 0 = -m + 5*p + 350, 7*m = 3*m + w*p + 1364. What are the prime factors of m?
2, 5, 17
Let x(a) = -252*a + 1512. Let i be x(6). Let p(y) = 44 - y**2 + 0*y - y + 40. What are the prime factors of p(i)?
2, 3, 7
Let f be (6 + (-44)/(-12))*1*3. Let r = f + -30. What are the prime factors of 2 + -1 + 118 - (-4 - r)?
2, 61
Let h = -24188 - -60463. List the prime factors of h.
5, 1451
Suppose -5*v = 3*x - 35, -4*v + 28 = 2*x - 5*x. Suppose v*c = 1148 + 1785. List the prime factors of c.
419
Suppose 0 = -3*f + 5*w + 4, 12 + 2 = 3*f + 5*w. Suppose 4*i - 2*i + 3*r - 1174 = 0, -f*r = -3*i + 1791. List the prime factors of i.
593
Let g = 277 - 290. Let m(l) = -99*l + 39. List the prime factors of m(g).
2, 3, 13, 17
Suppose -11*i + 3*i + 80 = 0. Suppose i*h - 217 = 3*h. Suppose 377 + h = 4*y. What are the prime factors of y?
2, 3, 17
Let y(r) = 3*r + 26. Let c(d) = 1. Let a(q) = -6*c(q) + y(q). Let n(f) = -7*f - 40. Let g(k) = 9*a(k) + 4*n(k). What are the prime factors of g(8)?
2, 3
Suppose -365*w + 10141440 = -6*w - 55*w. What are the prime factors of w?
2, 3, 5, 139
Let s(h) = 38*h**2 + 20*h - 33. Let q be s(6). Suppose 25*k - q = 20*k. What are the prime factors of k?
3, 97
Let z(c) = 48*c + 23. Let v be z(5). Let h = v - -180. What are the prime factors of h?
443
What are the prime factors of 4622768/1416*18/1?
2, 3, 59, 83
Let l = -57 + 70. Let k(c) = c**3 - 13*c**2 + 2*c - 23. Let z be k(l). Suppose z*a = 81 + 60. List the prime factors of a.
47
Let v(u) = -875*u - 8998. What are the prime factors of v(-29)?
3, 53, 103
Suppose -30660*v + 1582380 = -30630*v. What are the prime factors of v?
2, 3, 59, 149
Suppose -72*t + 30 = -67*t. Let k(w) = 10*w**2 - 6*w + 10. List the prime factors of k(t).
2, 167
Suppose -2*f - 17 = -3*h, h - 3*f = 12 + 3. Suppose 7*b + 2*x = 3*b + 1650, -h*b - 5*x + 1248 = 0. List the prime factors of b.
3, 137
Suppose -20*j + 28 = -34*j. What are the prime factors of 1888/((-7 + 6)*j)?
2, 59
Let l(g) = -80*g + 95. Let n be l(7). Let o = 918 + n. List the prime factors of o.
3, 151
Let j be 5/140*4*-3*-7. Suppose 17 = -j*o + 131. List the prime factors of o.
2, 19
Suppose -4*o + 3*l + 1251 = 0, -4*o - 2*l + 1693 = 427. Suppose 5*h + 1455 = o. Let g = 11 - h. What are the prime factors of g?
239
Let j = 47 - 47. Suppose j = -4*i + 790 + 446. What are the prime factors of i?
3, 103
Let m(c) = 58*c. Suppose -2*i - 15 + 69 = 0. Let w be 9/(i/4) + 2/(-6). List the prime factors of m(w).
2, 29
Suppose 30*p - 76 = 104. Suppose -2*i = 4*w - 2760, -w - p*i = -7*i - 696. List the prime factors of w.
2, 173
Let z be ((-36)/(-30) - 1) + (-18)/15. What are the prime factors of -5 + ((1*-246)/z - 1)?
2, 3, 5
Let x(f) = 23*f**2 - 19*f - 1314. What are the prime factors of x(-26)?
2, 7, 263
Let h be 4/2 + 5 + -3 + 0. Let y be 12/8 + (-22)/h - -1. List the prime factors of 187 + y + (4 - -1).
3, 7
Suppose 0*m + 139 = 2*r + m, 2*m + 290 = 4*r. Suppose 0 = -r*f + 83*f - 13344. List the prime factors of f.
2, 139
Suppose 40*k - 84116 = 99764. What are the prime factors of k?
4597
Let k be ((4 - 5)*(1 + -1))/(-2). Suppose -2*g - 6*g + 2160 = k. What are the prime factors of g?
2, 3, 5
Suppose 219236 = 1428*p - 1417*p + 18057. What are the prime factors of p?
18289
Suppose -5*b = m - 2327 - 10788, 5*m + 5*b - 65435 = 0. List the prime factors of m.
2, 3, 5, 109
Let i(k) = -374 - 78*k + 85 + 18. What are the prime factors of i(-5)?
7, 17
Suppose 0 = -22*o + 14683 - 647. Suppose 2*f - l = 104 + 153, o = 5*f + 2*l. What are the prime factors of f?
2
Let h(t) = -t**3 + 20*t**2 - 14*t - 26. Suppose 0 = 30*m - 26*m - 76. Let l be h(m). Let v = 28 + l. List the prime factors of v.
97
Suppose 0 = -24*f + 14*f + 22900. Let m = -1355 + f. List the prime factors of m.
5, 11, 17
Let m(l) = -243*l + 217. List the prime factors of m(-11).
2, 5, 17
Let a = 4639 - -14866. List the prime factors of a.
5, 47, 83
Suppose -3*z + 2*v = 4, 2*z - 7*v + 2 = -5*v. What are the prime factors of ((-24200)/(-8))/5*(-1 - z)?
5, 11
Let s be -4 + 21 - (1 - -2). Suppose -3*t + 3*g + 24 = 0, -4*g + g - s = -t. Let f(d) = 8*d - 14. What are the prime factors of f(t)?
2, 13
Let k(d) = -d**2 + 46*d + 1207. List the prime factors of k(0).
17, 71
Suppose -148*n - 3309 = -151*n. Suppose 0 = -0*l + 3*l - 4*g - n, -g = 4*l - 1477. What are the prime factors of l?
3, 41
Let s = -54 + 129. Suppose -2*x + 93 = 5*b, 2*x - 30 = -b + s. What are the prime factors of x?
2, 3
Suppose -16 = 2*b - 0*r - r, 3*r = 0. Let a(g) be the first derivative of g**3/3 + 3*g**2/2 + 10*g - 200. List the prime factors of a(b).
2, 5
Let r be (-5)/(-2)*(-44)/(-55). Let t(i) = -4*i - 3 + 2*i**3 - 4 + 5 + i - r*i**2. What are the prime factors of t(4)?
2, 41
Let l = 28103 + -19060. Suppose -23*s + 12209 = -l. What are the prime factors of s?
2, 3, 7, 11
Suppose -3*t + 14 = 3*n - 2*t, 4*n = 3*t + 36. Suppose 4*j - 29 = r - 6*r, -j + n = r. What are the prime factors of (1 + 2 + j)*194/4?
2, 97
Let o(g) = 6*g**3 + 16*g**2 - 2*g - 6. Let q be o(7). Suppose -19*w - q = -17338. List the prime factors of w.
2, 191
Suppose -4*b = a, -5*a = -0*b + 3*b. Suppose -31*s + 44*s - 15457 = a. What are the prime factors of s?
29, 41
Suppose -2*l - 4*i + 3*i - 13 = 0, 4*i = 2*l - 2. Let s = l + 25. Suppose -a = -93 - s. List the prime factors of a.
113
Let j(l) = -1940*l - 4944. List the prime factors of j(-8).
2, 661
Let f = 4105 + -2846. Suppose -5*o = -0*s + 4*s - f, -2*s = 5*o - 617. What are the prime factors of s?
3, 107
Let v = 395 - 9. Let k = v - 57. What are the prime factors of k?
7, 47
Let c(i) = 97*i - 2. Let r be c(4). List the prime factors of r + 3/((-4)/8 + -1).
2, 3
Let f = 125 - 246. Let t be 164 - (-16)/(-4) - 3. Let d = f + t. What are the prime factors of d?
2, 3
Let i(p) = -3*p - 41. Let k be i(-14). List the prime factors of (k/(-3))/((-9)/540).
2, 5
Suppose -3*n + 21148 = -2*z + 327, -n + 6945 = 4*z. List the prime factors of n.
11, 631
Let f be -87*12/(-90)*-5. Let b = 114 + f. What are the prime factors of b?
2, 7
Suppose -490 - 1330 = -5*o. Suppose 0 = -3*j + h + 165 + 120, 4*j + 4*h = o. List the prime factors of (j/10 - 1)/((-84)/(-210)).
3, 7
Suppose -40230 = -4*k + d, 3*k + 5*d - 9*d = 30192. What are the prime factors of k?
2, 3, 419
Let a = 12535 + -669. What are the prime factors of a?
2, 17, 349
Let s = 27 - 26. Let b = 180 + s. Suppose -b + 826 = 3*x. What are the prime factors of x?
5, 43
Suppose 155*b = 79*b + 72*b + 24892. List the prime factors of b.
7, 127
What are the prime factors of 6043 + (-8)/(15 + -13)?
3, 11, 61
Let y(p) = 138*p + 27. Let q be y(7). Suppose 4*d - 7*d = -q. List the prime factors of d.
331
Let g = 4468 - 176. What are the prime factors of g?
2, 29, 37
List the prime factors of 1*(-782607)/126*-6.
83, 449
Let l be (-3)/((4 - (-19)/(-4))/1). Suppose -l*g + 1596 = 5*h + 442, -h = 3*g - 222. What are the prime factors of h?
2, 3, 13
Suppose -237*z + 30 = -232*z, o - 23608 = -5*z. What are the prime factors of o?
2, 11789
Let o(u) = 13*u**2 + u - 2. Let j be o(1). Suppose j*l - 8*l = 28. Suppose -l*x - 158 = -9*x. What are the prime factors of x?
79
Let p(q) = -q**2 - 3*q + 71. Let t be p(0). Suppose 67*m + 8 = t*m. Suppose 0*l = -l + m*x + 63, 385 = 5*l + 4*x. What are the prime factors of l?
73
Suppose 4*t + 17464 = -5*b + 9*b, 4*b - 3*t = 17467. What are the prime factors of b?
17, 257
Let j(d) = -4*d + 35. Let z be 3*(-1 + 12/9) + 3. Let m(s) = -4*s + 2. Let u be m(z). What are the prime factors of j(u)?
7, 13
Suppose 131352 + 96281 - 16493 = 60*z. What are the prime factors of z?
3, 17, 23
Let v = 4 - 5. Let a(s) be the third derivative of -59*s**6/120 + s**5/60 - 270*s**2. List the prime factors of a(v).
2, 3, 5
Let s(c) = 869*c**2 - 154*c + 1403. List the prime factors of s(9).
2, 7, 47, 107
Suppose -3 = -v - 3*h + 13, -5*h - 98 = -4*v. Suppose -26*c + 1156 = -v*c. List the prime factors of c.
17
Let y = 769 + -1462. Let h = -31 - y. What are the prime factors of h?
2, 331
Let x(c) = 3*c**3 - c**2 - c + 2. Let n be x(2). Suppose -n = -12*k + 10*k. Suppose -9 - k = -t. List the prime factors of t.
19
Suppose 10*n - 2*n + 64 = 0. Let c be (48/14)/(n/(-980)). Suppose